hat is -304 (base 8) in base 11?
-169
-1820b (base 15) to base 5
-4444321
-111200 (base 3) to base 9
-450
What is -70c (base 13) in base 14?
-615
What is -a92 (base 13) in base 15?
-809
Convert -101213 (base 4) to base 14.
-5a7
Convert -200033 (base 4) to base 3.
-2211102
1412 (base 6) to base 14
1c4
Convert 14303 (base 5) to base 10.
1203
What is -10361 (base 7) in base 10?
-2591
What is -1222000 (base 3) in base 15?
-656
Convert -2b22 (base 13) to base 10.
-6281
Convert 101111100101 (base 2) to base 16.
be5
What is -12133 (base 4) in base 11?
-348
What is -21743 (base 9) in base 14?
-53a9
What is -22201 (base 3) in base 2?
-11101011
What is -1040 (base 10) in base 3?
-1102112
What is 3 (base 5) in base 12?
3
-6241 (base 7) to base 13
-cc1
What is 100120 (base 3) in base 2?
100000010
4491 (base 12) to base 5
220342
Convert 12 (base 5) to base 3.
21
Convert 101112 (base 3) to base 14.
164
2321 (base 4) to base 6
505
What is 103 (base 9) in base 5?
314
Convert 3034 (base 9) to base 3.
10001011
13420 (base 5) to base 6
5050
Convert -16734 (base 10) to base 15.
-4e59
What is 11aff (base 16) in base 14?
1c58b
133322 (base 4) to base 10
2042
22116 (base 8) to base 15
2b49
100402 (base 5) to base 13
1613
2876 (base 16) to base 7
42125
Convert 10455 (base 10) to base 2.
10100011010111
What is 3445 (base 8) in base 10?
1829
Convert 537 (base 9) to base 5.
3224
Convert 111021 (base 3) to base 4.
11212
What is -2a26 (base 11) in base 4?
-330330
What is 1201122001 (base 3) in base 8?
102312
Convert -1254 (base 6) to base 7.
-640
1041 (base 6) to base 12
181
fe (base 16) to base 10
254
What is 439 (base 13) in base 7?
2053
What is 42323 (base 7) in base 9?
15305
Convert -165 (base 12) to base 2.
-11011101
What is 127 (base 12) in base 5?
1200
What is -412 (base 11) in base 4?
-13301
44201 (base 8) to base 4
10202001
Convert -d5 (base 15) to base 11.
-172
Convert -10020210 (base 3) to base 2.
-100101000010
1000000101100 (base 2) to base 6
31100
11000 (base 2) to base 4
120
Convert -12110 (base 7) to base 12.
-199b
Convert -12233 (base 8) to base 16.
-149b
201340 (base 6) to base 14
5b1a
Convert -3030 (base 6) to base 3.
-220200
What is 2121202122 (base 3) in base 13?
1a633
What is 11653 (base 8) in base 14?
1b99
Convert -2342 (base 12) to base 2.
-111101100010
254 (base 12) to base 10
352
Convert -1122211200 (base 3) to base 15.
-9a43
Convert 815 (base 9) to base 2.
1010010110
Convert -35846 (base 9) to base 13.
-ac17
What is -20053 (base 6) in base 4?
-221001
-2a4 (base 14) to base 5
-4121
What is b6 (base 15) in base 10?
171
15527 (base 11) to base 6
245310
-14930 (base 10) to base 8
-35122
212a1 (base 12) to base 11
2a845
1405 (base 6) to base 11
302
-2259 (base 16) to base 5
-240133
-241422 (base 5) to base 7
-35126
Convert 34422 (base 6) to base 10.
4910
Convert -58 (base 15) to base 5.
-313
What is 1624 (base 7) in base 11?
546
955 (base 14) to base 16
72f
Convert -304 (base 16) to base 5.
-11042
-4aa (base 13) to base 3
-1010020
What is 12311030 (base 4) in base 13?
c974
1113432 (base 5) to base 3
1000020211
43b1 (base 13) to base 15
2be4
What is 1011020012 (base 3) in base 7?
123242
What is 1203211 (base 4) in base 3?
22202001
Convert 4539 (base 11) to base 6.
43351
10250 (base 6) to base 3
1220210
What is -55406 (base 7) in base 6?
-144242
Convert 572 (base 10) to base 12.
3b8
442 (base 7) to base 5
1401
Convert 121121 (base 3) to base 8.
700
Convert -451 (base 6) to base 11.
-14a
What is 10201020 (base 3) in base 15?
c06
What is -456 (base 16) in base 6?
-5050
Convert -101002010 (base 3) to base 10.
-7347
-20020 (base 3) to base 2
-10101000
What is -11010001010001 (base 2) in base 11?
-a076
What is -35004 (base 6) in base 2?
-1001101101100
What is 112100002 (base 3) in base 12?
606b
Convert 1100 (base 5) to base 16.
96
1010002 (base 3) to base 5
11222
71879 (base 10) to base 5
4300004
Convert 353 (base 11) to base 2.
110100101
What is -56 (base 15) in base 10?
-81
13d (base 16) to base 12
225
What is -10221 (base 5) in base 15?
-30b
Convert -101112011 (base 3) to base 5.
-221142
What is -17 (base 13) in base 8?
-24
2565 (base 10) to base 6
15513
-200012 (base 3) to base 15
-22b
Convert -1030320 (base 4) to base 2.
-1001100111000
-330112 (base 4) to base 10
-3862
What is 1101000111001000 (base 2) in base 15?
10da4
Convert 12a21 (base 11) to base 14.
6a80
-210021212 (base 3) to base 13
-70ac
What is b5a (base 12) in base 2?
11001110110
-21300 (base 4) to base 7
-1551
101001011110 (base 2) to base 13
1292
What is -1050 (base 7) in base 6?
-1430
3123 (base 12) to base 4
1103223
7cf (base 16) to base 2
11111001111
What is -2b7b (base 13) in base 2?
-1100011010011
1c08 (base 16) to base 13
3360
What is 11002 (base 6) in base 8?
2752
Convert -1e6a (base 16) to base 12.
-460a
Convert -3100233 (base 4) to base 12.
-7893
2695 (base 10) to base 16
a87
Convert -20202112 (base 3) to base 10.
-4928
What is -20295 (base 12) in base 4?
-22032101
-11111100 (base 3) to base 15
-e86
2020 (base 3) to base 6
140
What is f785 (base 16) in base 3?
10012220212
-2d7a (base 16) to base 11
-8824
What is 4144 (base 9) in base 3?
11011111
-10000101010 (base 2) to base 5
-13231
113340 (base 9) to base 10
68076
-9740 (base 11) to base 7
-52344
-5051 (base 8) to base 13
-1251
-9796 (base 12) to base 5
-1013144
What is -3420 (base 6) in base 8?
-1444
-1110 (base 12) to base 11
-1463
260e (base 15) to base 8
17662
Convert -5273 (base 15) to base 10.
-17433
Convert 10100000100 (base 2) to base 4.
110010
What is a739 (base 12) in base 8?
43635
Convert -2475 (base 8) to base 12.
-939
What is 773 (base 12) in base 5?
13340
Convert 1015 (base 9) to base 8.
1347
Convert 210120 (base 4) to base 12.
1420
What is -100210212 (base 3) in base 14?
-286b
-dc (base 16) to base 6
-1004
What is 2942 (base 10) in base 6?
21342
2071 (base 9) to base 16
5f2
-110011101 (base 2) to base 8
-635
1577 (base 10) to base 15
702
709 (base 16) to base 5
24201
Convert 5b15 (base 13) to base 3.
122122101
Convert -25 (base 12) to base 9.
-32
Convert -2671 (base 9) to base 2.
-11111011000
What is 167 (base 10) in base 12?
11b
Convert -174b (base 14) to base 4.
-1001113
What is -20232 (base 5) in base 15?
-5cc
What is 32022 (base 4) in base 7?
2433
-264 (base 8) to base 12
-130
Convert 517 (base 11) to base 12.
43b
Convert 742 (base 8) to base 12.
342
-48b (base 12) to base 9
-838
Convert a22c (base 15) to base 2.
1000010111000010
3001030 (base 4) to base 2
11000001001100
6121 (base 13) to base 2
11010001000010
What is -1a1 (base 14) in base 16?
-151
Convert 5 (base 14) to base 9.
5
1132 (base 7) to base 11
348
Convert d8b (base 15) to base 3.
11012012
73 (base 10) to base 7
133
Convert 21 (base 12) to base 16.
19
-116 (base 14) to base 3
-22000
53c8 (base 14) to base 6
151020
Convert -11136 (base 7) to base 9.
-3773
Convert 260 (base 14) to base 9.
578
What is 140020 (base 5) in base 6?
42031
7432 (base 12) to base 3
122102202
What is c0 (base 13) in base 5?
1111
-2074 (base 8) to base 4
-100330
What is 12526 (base 10) in base 11?
9458
What is -8799 (base 16) in base 12?
-18109
Convert -372 (base 14) to base 2.
-1010110000
What is 1100101011010 (base 2) in base 10?
6490
What is -7a45 (base 13) in base 6?
-211142
What is 2412 (base 5) in base 10?
357
What is -3363 (base 7) in base 10?
-1221
1011011101010100 (base 2) to base 15
dd8c
What is -10650 (base 7) in base 13?
-1320
-1110303 (base 4) to base 10
-5427
Convert 517 (base 11) to base 14.
327
-10771 (base 10) to base 2
-10101000010011
What is 46217 (base 8) in base 16?
4c8f
What is 6020 (base 9) in base 11?
3333
What is -11116 (base 9) in base 10?
-7386
-23 (base 9) to base 4
-111
Convert -443201 (base 5) to base 15.
-4886
-26439 (base 12) to base 13
-1ab56
What is 112f (base 16) in base 6?
32211
Convert -36941 (base 11) to base 12.
-26843
What is -923 (base 14) in base 6?
-12151
What is 21a7 (base 12) in base 8?
7217
100101110000 (base 2) to base 13
113b
Convert -16792 (base 13) to base 3.
-2012001021
-1211212011 (base 3) to base 7
-210652
Convert 112111 (base 3) to base 14.
1dd
Convert a06 (base 14) to base 6.
13034
What is -717 (base 16) in base 4?
-130113
What is -6614 (base 9) in base 15?
-169d
-4524 (base 8) to base 10
-2388
What is -1473 (base 11) 